ose 2*f + 21 = 5*m, -5*m - 4*f = -0*m - 3. Let i be m/(-2)*-6 + -2. Calculate the greatest common factor of 56 and i.
7
Let d be 6*((-42)/(-9) - 4). Let p = d - -5. Calculate the greatest common divisor of 6 and p.
3
Suppose 0 = -2*c - 2*d + 8, d + 2*d - 12 = -2*c. Suppose o - 3*o - 30 = c. Let n be (-9)/o - 107/(-5). What is the highest common factor of 55 and n?
11
Let s(w) = -w**2 - 4*w + 4. Let b be s(-4). Suppose j + 4*f = -0*j - 2, -3*j + 2 = b*f. Let l be (-2)/3*(-3)/j. What is the greatest common divisor of l and 9?
1
Suppose -28 + 8 = -a. Let s be 15/13 + a/(-130). Let w be 3*(-2 - (-7)/3). Calculate the highest common factor of w and s.
1
Let q = -1 - -15. Calculate the greatest common factor of q and 7.
7
Let c be -4 + 1 - (-17)/1. What is the highest common divisor of 126 and c?
14
Suppose -4 = 4*n - 2*z, -2*n + 4*z = 14 - 6. Let j be (12/(-8))/(1/(-72)). Suppose n = -p + 3*p - j. What is the highest common divisor of 6 and p?
6
Let m(g) = -51*g. Let v be m(-1). Let p(s) = 8*s + s - 2 + 5 - s**2. Let b be p(7). What is the greatest common factor of b and v?
17
Let l = -1 + 5. Suppose 9*s - l*s = 10. Let h be (15/5)/(1/s). What is the highest common factor of 42 and h?
6
Suppose -2*l + 125 = 3*l. Suppose 2*w = 11 + l. Calculate the highest common divisor of 126 and w.
18
Suppose 2*r - 2*n = 0, 5*n = -3*r + 3 + 21. Calculate the greatest common divisor of r and 3.
3
Suppose -6*j + 1157 + 787 = 0. Calculate the greatest common factor of 36 and j.
36
Let z(n) = n**2 + 90. Let a be z(0). Suppose 0*d - a = d. Let c be (d/(-25))/((-6)/(-20)). Calculate the highest common divisor of c and 96.
12
Suppose -4*j + z + 89 = 0, -4*z - 16 - 4 = 0. Suppose c = 4*n + j - 112, -5*n = -2*c - 110. What is the highest common factor of 36 and n?
12
Let f = 2 + -11. Let v(u) = -3*u + 9. Let b be v(f). What is the highest common divisor of b and 4?
4
Suppose 0*o - 4*n = 2*o - 32, 51 = 3*o + 3*n. Suppose 0 = 2*x - x + o. Let l be (-47)/(-6) - 3/x. What is the greatest common factor of l and 8?
8
Let p = 2 - -3. Suppose -p*t = -t + 16, 2*w - 24 = -t. Calculate the greatest common divisor of w and 2.
2
Suppose -4*s + 10*s = 30. Calculate the highest common divisor of s and 25.
5
Let q be (-2)/8 - (-100)/16. Let c(l) = 2*l**2 - 7*l + 15. Let n be c(q). Suppose 0 = -4*j + 56 + 16. Calculate the highest common factor of n and j.
9
Let r = -5 - -9. Suppose f + 25 = -x - 2*f, r*f = 2*x + 60. Let g = x - -77. Calculate the highest common factor of 7 and g.
7
Let p(u) = -4*u + 0*u**3 + 13 + 3*u + u**3. Let z be p(0). Suppose -2*l - 3*l + 585 = 0. What is the highest common divisor of z and l?
13
Suppose -21 = -4*h - 1. Suppose -h*s = -2*s - 84. Calculate the highest common factor of 4 and s.
4
Let z be 4/10*(26 + -1). Let r = 1 - -1. What is the greatest common divisor of r and z?
2
Let y be 272/12*3/2. Suppose 0 = -h - h + y. Calculate the highest common divisor of h and 51.
17
Let s be ((-33)/12 - -3)*-10*-12. Calculate the greatest common factor of 10 and s.
10
Suppose -5*f + 25 = -0*f. Let i be 1/(-3) + 35/(-3). Let a be (-297)/i - 2/(-8). What is the highest common factor of a and f?
5
Let a(x) = -3*x - 3. Let i be a(-2). Let j be i*((-2 - -4) + 1). Calculate the highest common divisor of j and 27.
9
Suppose -3*b - 4 = -22. Let d = -57 - -123. Calculate the highest common divisor of b and d.
6
Suppose 5*x - 306 = 334. Suppose -2*q + 88 = -x. Let p = 32 + -20. Calculate the highest common factor of p and q.
12
Suppose -j = -3*g + 18, -2*g + 4*j = -g - 17. Suppose -5*w + g*q + 382 + 23 = 0, 3*w - 5*q - 251 = 0. Calculate the highest common divisor of 11 and w.
11
Let r(p) = -119*p. Let u be r(6). Let c = -378 - u. Suppose w + 2*w = c. Calculate the highest common divisor of w and 16.
16
Let h be -158*(-3)/6 - 2. Suppose 0 = -3*p + 5 + 16. Calculate the greatest common factor of h and p.
7
Suppose 115 = -7*g + 367. Calculate the greatest common divisor of 108 and g.
36
Let f(r) = r**3 + 12*r**2 + 5*r + 24. Let x be f(-11). What is the greatest common divisor of x and 10?
10
Let w = -21 + 6. Let s = 20 - w. Suppose -5*a + 5*h = -s, -4*a - h = 4*h - 19. What is the highest common divisor of a and 15?
3
Let q = -50 - -85. Let u = 145 - q. What is the greatest common factor of u and 10?
10
Suppose 4*c - 3*n = -0*n - 7, 0 = 5*c + 3*n - 25. Calculate the greatest common divisor of 10 and c.
2
Let g(f) = -f**2 - 14*f + 40. Let m be g(-15). What is the highest common divisor of 25 and m?
25
Let v(f) = 2*f + 37. Let r be v(6). What is the highest common factor of 7 and r?
7
Let x be 2 + -1 + 6/3. Suppose 2*z = x*z - 20. Let g = -54 - -58. What is the greatest common divisor of g and z?
4
Let u = 1 - -4. Let t = 5 + -3. Suppose t*q = -q + 165. What is the highest common factor of u and q?
5
Let d(t) = 6*t**2 + 76 - t**2 - 6*t**2. Let n be d(0). Let c = n + -1. Calculate the greatest common divisor of c and 15.
15
Let g be (5 - 10)*(2 - 3). Suppose -g*r + 6 = -4*z, -4*z = -6*r + 2*r + 4. Let q = -5 - -8. Calculate the highest common factor of q and z.
1
Let j = -36 + 73. Let h = -19 + j. Suppose -p - h = -2*p. Calculate the greatest common factor of p and 6.
6
Suppose 0 = -5*t - 2*f - 5, -t + 5*f = 3*t + 37. Let m be t*-2*(-10)/(-12). Calculate the highest common factor of 5 and m.
5
Let t(y) = 4*y**2 - y - 2. Let h be t(-1). What is the highest common factor of 21 and h?
3
Let x be 8/32 - 39/(-4). What is the greatest common divisor of 110 and x?
10
Suppose -n - 4*n + 3*y = -39, -2*n + 4*y = -24. What is the highest common divisor of 15 and n?
3
Let q = 36 - 26. Let z = 131 - q. What is the highest common divisor of z and 11?
11
Suppose -5*h - 91 = 4*p - 10*h, -3*p - 71 = -h. Let g be (p/20)/((-2)/(-10)). Let z = g - -7. Calculate the greatest common divisor of z and 3.
1
Let i(h) = -h + 8. Let s be i(6). Suppose -5*a + 35 = s*d, -4*d + 88 = 5*a + 13. Calculate the highest common factor of d and 5.
5
Let m = -34 + 62. What is the greatest common divisor of m and 196?
28
Suppose 4*b - 7*b = 0. Suppose -4*p = 4*z - b*z - 52, -4*z - 92 = -4*p. Calculate the greatest common factor of 12 and p.
6
Suppose -3*u - 10 = -8*u. Suppose 3 = -3*z - 3*b, u*b + 3*b + 14 = -2*z. Calculate the greatest common divisor of z and 15.
3
Suppose 249 = 4*x - 5*w, 4*w = 4*x - 8*x + 276. Calculate the greatest common divisor of x and 6.
6
Let s be 6*(16/6)/2. Suppose 3*c = 3*j - 369, 3*j - s*j + 3*c = -609. Calculate the highest common factor of 15 and j.
15
Let y = -17 + 37. What is the greatest common divisor of 10 and y?
10
Let b be ((-1)/(-3))/(1/27). Suppose 2*t = -5*m - 6, -7*t + 2*m = -3*t - 36. Suppose -2*p + t = -b. Calculate the greatest common divisor of 4 and p.
4
Let b be ((-3)/6)/(2/(-8)). Let q = 8 + b. Let y(l) = 50*l. Let t be y(1). What is the greatest common factor of q and t?
10
Let v(r) be the third derivative of r**4/6 - 2*r**3 + 2*r**2. Let b be v(8). Suppose -b = -4*j + 76. Calculate the highest common divisor of j and 8.
8
Let o(v) = -v**2 + 16*v - 57. Let a be o(9). Let d = 12 + -18. Let q = a - d. Calculate the greatest common divisor of 3 and q.
3
Suppose 0 = 3*y - 80 - 40. Calculate the highest common factor of 140 and y.
20
Let x be ((-4)/6)/((-2)/108). What is the highest common divisor of 9 and x?
9
Let w = 84 + -44. What is the highest common divisor of w and 100?
20
Suppose 3*o + 36 = 4*o. Suppose 4*i + 7 = 235. Let u = i - o. What is the greatest common divisor of u and 7?
7
Let f = 11 + -8. Calculate the greatest common factor of 3 and f.
3
Let k(r) = r**2 - 4. Let n be k(3). Suppose -y - a + 733 = -0*y, -y + n*a = -745. Suppose -4*b + y - 159 = 0. Calculate the greatest common factor of 18 and b.
18
Let g(p) = -2*p**3 + 1. Let x be g(-1). Suppose 4*h = 2*c + 8, -3*c + x*h = 4 - 1. What is the highest common factor of 2 and c?
2
Let r be (-2*(-14)/(-8))/((-1)/14). Calculate the greatest common factor of 98 and r.
49
Suppose 5*z - 4*d - 25 = 0, d + 5 = -3*z + 3. Let w(i) = i**2 + i + 6. Let h be w(-6). Suppose 0*f + h = 4*f. What is the greatest common factor of z and f?
1
Let g(v) = v + 24. Let t be g(6). Let y = 22 - 2. Calculate the highest common factor of t and y.
10
Let o(t) = t**2 + t + 5. Let g be o(5). Let c = 3 + 4. What is the greatest common facto